 82, -4*a - b = 60. Let o(x) = 6*x + 73. Give o(a).
-11
Let y(w) = 3*w**3 + 21*w**2 + 16*w - 16. Let i be y(-6). Let x(r) = -r**3 + r**2 + r - 2. Determine x(i).
74
Suppose r - 89 = 56. Let y = r + -143. Let l(m) = -2*m**3 + 2*m**2 + 3*m - 2. What is l(y)?
-4
Let i be ((-14)/(-70))/(-5 + 756/150). Let g be 66/12 + 2/4. Let l(u) = -2*u**3 - 3*u**2 + 3*u**3 - 3*u**2 + g + 3*u. Determine l(i).
-4
Let o(f) = f**3 - 4*f**2 - 7*f + 14. Let h be (-18)/24 - (-4)/(48/69). Determine o(h).
4
Let k(s) = -s**2 + 4*s + 23. Let d be 2/4 + ((-210)/(-4))/(-15). Let p be k(d). Let v(y) = -y**3 + 2*y**2 + 2*y - 2. Give v(p).
2
Let d be ((-2)/6)/(2/(-24)). Let y be d/20 + (-29)/(-5). Let w(c) = -67 + 10 + 58 - c. What is w(y)?
-5
Let p be (-7)/(-14) - (-6)/(-4). Let h(j) = 2*j**3 - j**2 - 6*j + 4. Let o be h(2). Let q(s) = -o*s + 1 + 8*s - 2*s + 3*s**3. What is q(p)?
-4
Let l(a) = a**2 - 48*a + 2. Suppose 86 + 346 = 9*t. Calculate l(t).
2
Suppose 3*o = -5*v + 200, 8*o = 4*o. Suppose 0 = -4*s - 8 - v. Let w(j) = -j**3 - 12*j**2 + j + 17. What is w(s)?
5
Let w be -5 - ((-39)/3 - 5). Let o(l) = -l**3 - 2*l**2 - l**2 + 17 - w + 7*l. Determine o(-5).
19
Let u(m) be the second derivative of 1/12*m**4 + 1/2*m**2 - 119*m - m**3 + 0. Calculate u(6).
1
Let w = 1853/42744 - 3/1781. Let u(d) be the third derivative of 1/3*d**3 + 2*d**2 + 0 + 0*d + w*d**4. Determine u(0).
2
Let h(d) be the third derivative of -d**4/6 + 5*d**3 + d**2 + 7*d - 13. Determine h(6).
6
Let u = 20 + -18. Let g(z) = -27*z + 39. Let q(c) = 23*c - 33. Let r(h) = -5*g(h) - 6*q(h). Give r(u).
-3
Let s(o) = 4*o + 50. Let i be s(6). Let h = -70 + i. Let g(r) = -3*r - 3. What is g(h)?
-15
Suppose 5*b - 12 = m + 2*m, 2*b - 2*m - 4 = 0. Let o(u) = -2*u - 4. Let x(d) = d. Let r(c) = o(c) + 4*x(c). Give r(b).
2
Let w(g) = -30*g**2 - 22*g + 7*g**2 - 2 - g**3 + 1 - 3. Let y be w(-22). Let p(h) be the first derivative of -3*h**2/2 - 5*h - 1. What is p(y)?
7
Suppose 0 = 3*u + 9, -4*u - 15 = 4*p + 5. Let c be 0 + (p + 5)*-1. Let v(y) be the third derivative of -y**5/60 - y**4/24 + 18*y**2 - 5*y + 42. Give v(c).
-6
Let v(c) = 3 + 2 + 2*c + 3*c**2 - 2*c**2 - 6. Let k(y) = y + 1. Let u be (0 - 3/(-6))*(-2 + 14). Let l(q) = u*k(q) + v(q). Determine l(-5).
-10
Let q(n) = -n**2 - 7*n - 19. Let j(l) = l**2 - 403. Let m be j(-20). Give q(m).
-7
Suppose -6*o + 40 = 4*o. Let h(f) = f**3 - 357 + 5*f - f + 3*f**2 - 9*f**2 + 350. What is h(o)?
-23
Let u(n) be the first derivative of n**3/3 + 19*n**2/2 + 77*n - 1911. Calculate u(-10).
-13
Suppose 21*v - 21 = 14*v. Let s(j) = 3 - v*j + 1 - 3 + 2. Let a(g) = -7*g + 51. Let w be a(7). Give s(w).
-3
Let f(p) = 5*p**2 + 4*p - 10. Let z be f(2). Let r(o) = 3*o + 4*o + 7 + o**2 + 4*o - z*o. Determine r(6).
1
Let p(m) be the second derivative of m**6/180 + 3*m**4/4 - m**3/6 - 32*m. Let a(c) be the third derivative of p(c). Calculate a(-1).
-4
Suppose -93*p + 78*p = 600. Let x(r) = 12*r + 480. Give x(p).
0
Let d(p) = -12*p + 2. Let u(r) = r**3 - 21*r**2 + 23*r - 65. Let n be u(20). Let c(j) = -5*j**2 - 27*j - 12. Let b be c(n). Give d(b).
26
Let s be (2 - 4/5)/(8/80). Let f(x) = -5*x - 3*x - s + 7*x. Give f(-5).
-7
Let u(f) be the second derivative of 35*f**3/6 - 2*f + 487. Give u(-3).
-105
Let t(n) be the third derivative of n**6/120 + 4*n**5/15 + 13*n**4/24 - 3*n**3 + 2*n**2 - 2034*n - 2. What is t(-15)?
12
Let f(z) = -z**2 - 4*z + 7. Suppose 12 = 10*p + 72. Let o be 104/(-16) + (-9)/p. Give f(o).
2
Let x(b) = 3*b + 3. Let s be -1 - -1 - (6/(-30))/(6/30). What is x(s)?
6
Let t(k) = -k**3 + 70*k**2 - 1210*k + 41. Let z be t(39). Let x(b) = -b + 9. Determine x(z).
7
Let f = 13 - -34. Let h = f - 38. Suppose 5*m + h = 4*b, m + 4*m + 3*b + 2 = 0. Let k(y) = 17*y**2 + 1. What is k(m)?
18
Let x = 1093 + -1094. Let n(b) = -3*b**2 - 5*b - 5. Let w(y) = -y**2 - 2*y - 2. Let c(g) = -4*n(g) + 10*w(g). What is c(x)?
2
Let z(v) = -4*v. Suppose 0 = -5*o, -4*h + 2 + 2 = -4*o. Let b(g) = 19*g - 6. Let t(m) = h*b(m) + 5*z(m). Determine t(-3).
-3
Let y(z) be the first derivative of z**2 + 8*z - 2. Suppose -5*o + 224 + 126 = 0. Suppose 0 = -2*i - 8*i - o. Determine y(i).
-6
Let h(l) be the first derivative of 2*l**3/3 + 75*l**2/2 - 73*l + 900. Determine h(-39).
44
Let a = -228 - -229. Let g(u) = u**3 - 9*u**2 + 8*u - 1. Determine g(a).
-1
Let h(j) be the second derivative of j**4/12 + 17*j**3/2 + 339*j**2/2 + 231*j. Give h(-43).
-5
Suppose -3*r + r - y = 0, 3*r + 2*y = -2. Let h(j) = -20*j**2 - 31*j - 23. Let s(u) = 7*u**2 + 11*u + 8. Let z(t) = 6*h(t) + 17*s(t). Calculate z(r).
-4
Let o(d) = -d**2 - 5*d - 3. Let q = 2453 + -2457. Give o(q).
1
Let z(s) = 6*s + 8. Let m(p) = p + 8. Let t(q) = -2*m(q) - z(q). What is t(-3)?
0
Let h = -52 + 54. Let z(s) = -2*s + 5. Let i be z(h). Let n(m) = 3*m. What is n(i)?
3
Let l(x) = x**2 + 6*x + 4. Let a(z) = z**3 + 7*z**2 + 4*z - 1. Let j be a(-6). Suppose 5*g + 100 = 5*d, -10 = 4*d - 22. Let k = g + j. Calculate l(k).
4
Let t(k) = 5*k**3 - k**2 - 21*k - 20. Let z be t(-1). Let d(b) be the second derivative of -b**5/20 - b**4/2 - 2*b**3/3 - 7*b**2/2 - 6*b. Determine d(z).
-12
Let d(t) = -3*t + 1. Let s = -1072 + 1075. Calculate d(s).
-8
Let l = 284 + -271. Suppose -l*g = -3*g - 20. Let k(x) = -3*x. Calculate k(g).
-6
Let k be 56115/4785 + (-6)/(-22). Let h(a) = -a - 19. Determine h(k).
-31
Let y(b) = b**2 - 19*b + 18. Let m be 24/1*(12/(-27))/((-30)/45). Determine y(m).
-30
Let y(n) = -n**3 - 6*n**2 - 3. Suppose 0 = 3*w + 12, 2*w = -3*f + f - 4. Suppose -2*d - 63 = -5*i, d + 16 = -f*i - 2. Let o be 49/(-8) + (-3)/d. Calculate y(o).
-3
Let g = 555 - -495. Let y(a) = -526 - 529 + g + a. Determine y(7).
2
Let d(k) = k**3 + 4*k**2 + 7*k + 14. Let h = 14122 - 14127. Determine d(h).
-46
Suppose 2*x + 7*u = 2*u - 8, -3*x + 5*u + 13 = 0. Let j(m) be the first derivative of 3*m**2 + m + 4446. Determine j(x).
7
Let l(q) = -37*q**2 - 28*q + 15. Let w(a) = 80*a**2 + 61*a - 32. Let g(v) = -13*l(v) - 6*w(v). Suppose -3*s - 5*z = -11 - 0, -2*z + 20 = -4*s. What is g(s)?
12
Suppose a + 9*a = 56 - 26. Let n(w) be the second derivative of w**4/12 + w**3/3 - w**2 + 21*w. Give n(a).
13
Let j(k) = -528*k + 1 - k**3 + 25 + 518*k + 2*k**2. Give j(3).
-13
Suppose 3*n = -3*u - 30, 0 = -3*n - 39*u + 44*u - 6. Let m(x) = x**2 + 6*x - 18. Give m(n).
-11
Let r(u) = 4*u**2 - 91*u - 337. Let b be r(26). Let w(k) = -26*k**2 - 12*k + 10. Determine w(b).
-28
Suppose 92 = 8*l - l - 11*l. Let i(v) = -v**2 - 24*v - 22. What is i(l)?
1
Let q = -275 - -414. Let z = 317 + q. Let v(a) = -457*a + 2 + z*a + 4. Give v(5).
1
Let t(u) = -9*u + 6. Let k(i) = 8*i - 5. Let b(d) = -6*k(d) - 5*t(d). Let g(v) = 790 - 5*v**3 - 783 + 9*v**2 + 3*v**3 + 27*v. Let w be g(-2). Give b(w).
-15
Let j(l) = -8*l. Let x(u) = -78*u - 18. Let y(a) = 8*j(a) - x(a). What is y(-6)?
-66
Let h(y) = -y**2 - 22*y + 39. Let k be (-714)/28 - 3/(-2). Give h(k).
-9
Let c(q) be the third derivative of -q**4/4 - q**3/6 - 44*q**2. Let f = 71 + -68. Let r be (1/f + -1)/(4/6). Determine c(r).
5
Let m(d) be the first derivative of d**2/2 + 3*d - 31. Let p(b) = -3*b - 8. Let r(x) = m(x) + p(x). Suppose 4 = -4*w + 3*w. Calculate r(w).
3
Let u(f) = 2*f - 3 + 0 - 4. Let n be 29/((-87)/(-54))*2/3. Suppose 11*w + 115 = -n*w. What is u(w)?
-17
Let l(s) = 2*s + 50. Let q = 8207 + -8221. What is l(q)?
22
Let n(f) be the first derivative of -9*f**2/2 + 18*f - 1373. Determine n(6).
-36
Let c = 32 + -23. Let z = 2 - c. Let x(f) be the third derivative of -f**4/24 - f**3/3 + 29*f**2 - 3. Give x(z).
5
Let v(t) = -3*t - 5. Let w be (-8)/6 + (-135)/81. Let q be v(w). Let z(h) = -h**3 + 3*h**2 + 3*h - 1. Determine z(q).
-5
Let h(l) be the third derivative of l**2 - 5/6*l**3 + 1/8*l**4 - 49 + 0*l. Determine h(7).
16
Suppose -5*p = 2*l - 4*l + 6, -2*p + 5*l - 15 = 0. Suppose p = 4*z - 15 + 3. Let f(g) = 3*g**2 - 4*g + 4. Give f(z).
19
Let j(g) = -4 - 1 + 69*g + 80*g + 42*g - 124*g. Determine j(2).
129
Let u(k) = -k**3 - 8*k**2 - 3*k - 73. Let n be u(-9). Let c(d) = n - 16 - 9 + d. Determine c(-4).
6
Let v(a) = -6*a**2 - 5*a + 1. Let z(w) = -11*w**2 - 19*w - 19. Let c(n) = 2*v(n) - z(n). What is c(9)?
21
Let v(j) = 9*j - 39*j + 31*j + 14 + 8*j**2 + 3*j - 2 + j**3. Let b be (-6 + 3 - -11)/(-1). What is v(b)?
-20
Let m(n) be the second derivative of -14*n**4/3 + n**3